{"id":1582,"date":"2022-06-23T10:05:05","date_gmt":"2022-06-23T10:05:05","guid":{"rendered":"https:\/\/sumarmassonrisas.org\/index.php\/home\/"},"modified":"2022-12-28T02:47:55","modified_gmt":"2022-12-28T02:47:55","slug":"inicio","status":"publish","type":"page","link":"https:\/\/sumarmassonrisas.org\/","title":{"rendered":"Inicio"},"content":{"rendered":"<style>\/*! elementor - v3.6.8 - 27-07-2022 *\/<br \/>\n.elementor-widget-image{text-align:center}.elementor-widget-image a{display:inline-block}.elementor-widget-image a img[src$=\".svg\"]{width:48px}.elementor-widget-image img{vertical-align:middle;display:inline-block}<\/style>\n<figure>\n\t\t\t\t\t\t\t\t\t\t<img decoding=\"async\" src=\"https:\/\/sumarmassonrisas.org\/wp-content\/uploads\/elementor\/thumbs\/1-portada-psju217aog4iowhhlh1sdstptyeeic40l0bxvjtfog.jpg\" title=\"1 portada\" alt=\"1 portada\"><figcaption><\/figcaption><\/figure>\n<style>\/*! elementor - v3.6.8 - 27-07-2022 *\/<br \/>\n.elementor-heading-title{padding:0;margin:0;line-height:1}.elementor-widget-heading .elementor-heading-title[class*=elementor-size-]>a{color:inherit;font-size:inherit;line-height:inherit}.elementor-widget-heading .elementor-heading-title.elementor-size-small{font-size:15px}.elementor-widget-heading .elementor-heading-title.elementor-size-medium{font-size:19px}.elementor-widget-heading .elementor-heading-title.elementor-size-large{font-size:29px}.elementor-widget-heading .elementor-heading-title.elementor-size-xl{font-size:39px}.elementor-widget-heading .elementor-heading-title.elementor-size-xxl{font-size:59px}<\/style>\n<h2>Quienes Somos<\/h2>\n<p dir=\"ltr\" style=\"line-height: 1.295; text-align: justify; margin-top: 0pt; margin-bottom: 8pt;\">Somos una entidad sin \u00e1nimo de lucro fundada en Valledupar-Cesar con el fin de beneficiar y mejorar la calidad de vida de las comunidades en estado de pobreza extrema; como son la poblaci\u00f3n rural, comunidades \u00e9tnicas, ni\u00f1os adolescentes y j\u00f3venes; mediante el uso de medios educativos, cient\u00edficos, tecnol\u00f3gicos, recreativos, entre otros.<\/p>\n<p>SUMAR M\u00c1S SONRISAS fue fundada en la ciudad de Valledupar en el a\u00f1o 2020 por un grupo de profesionales interdisciplinarios con la iniciativa de promover el cambio en las situaciones de desigualdad y violencia que se viven en la actualidad en el territorio Colombiano, suministrando a las comunidades palancas tanto espirituales como materiales que les permitan tener un desarrollo integral.<\/p>\n<h2>Nuestros Programas<\/h2>\n<p>Vamos a mejorar la calidad de vida en las comunidades vulnerables en las distintas regiones de Colombia.<\/p>\n<p><img decoding=\"async\" width=\"150\" height=\"150\" src=\"https:\/\/sumarmassonrisas.org\/wp-content\/uploads\/2022\/06\/plano-e1616172397452-150x150.jpg\" alt=\"\" loading=\"lazy\"><\/p>\n<h4><a href=\"https:\/\/sumarmassonrisas.org\/index.php\/programas\/construyendo-en-terreno-firme\/\">S\u00famate a la construcci\u00f3n<\/a><\/h4>\n<p><img decoding=\"async\" width=\"150\" height=\"150\" src=\"https:\/\/sumarmassonrisas.org\/wp-content\/uploads\/2022\/06\/infancia-feliz-150x150.jpg\" alt=\"\" loading=\"lazy\"><\/p>\n<h4><a href=\"https:\/\/sumarmassonrisas.org\/index.php\/galeria\/\">Salud Oral Recreativa<\/a><\/h4>\n<p><img decoding=\"async\" width=\"150\" height=\"150\" src=\"https:\/\/sumarmassonrisas.org\/wp-content\/uploads\/2022\/06\/anos-dorados-150x150.jpg\" alt=\"\" loading=\"lazy\"><\/p>\n<h4><a href=\"https:\/\/sumarmassonrisas.org\/index.php\/galeria\/\">Escuela Ikarwa Geygekun<\/a><\/h4>\n<style>\/*! elementor - v3.6.8 - 27-07-2022 *\/<br \/>\n.elementor-counter .elementor-counter-number-wrapper{display:-webkit-box;display:-ms-flexbox;display:flex;font-size:69px;font-weight:600;line-height:1}.elementor-counter .elementor-counter-number-prefix,.elementor-counter .elementor-counter-number-suffix{-webkit-box-flex:1;-ms-flex-positive:1;flex-grow:1;white-space:pre-wrap}.elementor-counter .elementor-counter-number-prefix{text-align:right}.elementor-counter .elementor-counter-number-suffix{text-align:left}.elementor-counter .elementor-counter-title{text-align:center;font-size:19px;font-weight:400;line-height:2.5}<\/style>\n<p>\t\t\t\t0<br \/>\n+<\/p>\n<h4>Ni\u00f1os y adultos amparados<\/h4>\n<p>0<br \/>\nM<\/p>\n<h4>\u00c1rea de construcci\u00f3n<\/h4>\n<p>0<br \/>\n+<\/p>\n<h4>Profesionales comprometidos<\/h4>\n<p>$<br \/>\n0<br \/>\nM+<\/p>\n<h4>Fondos recaudados e invertidos<\/h4>\n<h2>Lo que hemos logrado<\/h2>\n<p>En solo tres a\u00f1os de actividad operativa, <strong>Sumar M\u00e1s Sonrisas<\/strong> ha logrado levantar los simientos de su planta f\u00edsica para el desarrollo de sus actividades tanto de externados como internados para las comunidades vulnerables.<\/p>\n<p>\u00a1S\u00edgue de cerca nuestras actividades!<\/p>\n<style>\/*! elementor - v3.6.8 - 27-07-2022 *\/<br \/>\n.elementor-widget-social-icons.elementor-grid-0 .elementor-widget-container,.elementor-widget-social-icons.elementor-grid-mobile-0 .elementor-widget-container,.elementor-widget-social-icons.elementor-grid-tablet-0 .elementor-widget-container{line-height:1;font-size:0}.elementor-widget-social-icons:not(.elementor-grid-0):not(.elementor-grid-tablet-0):not(.elementor-grid-mobile-0) .elementor-grid{display:inline-grid}.elementor-widget-social-icons .elementor-grid{grid-column-gap:var(--grid-column-gap,5px);grid-row-gap:var(--grid-row-gap,5px);grid-template-columns:var(--grid-template-columns);-webkit-box-pack:var(--justify-content,center);-ms-flex-pack:var(--justify-content,center);justify-content:var(--justify-content,center);justify-items:var(--justify-content,center)}.elementor-icon.elementor-social-icon{font-size:var(--icon-size,25px);line-height:var(--icon-size,25px);width:calc(var(--icon-size, 25px) + (2 * var(--icon-padding, .5em)));height:calc(var(--icon-size, 25px) + (2 * var(--icon-padding, .5em)))}.elementor-social-icon{--e-social-icon-icon-color:#fff;display:-webkit-inline-box;display:-ms-inline-flexbox;display:inline-flex;background-color:#818a91;-webkit-box-align:center;-ms-flex-align:center;align-items:center;-webkit-box-pack:center;-ms-flex-pack:center;justify-content:center;text-align:center;cursor:pointer}.elementor-social-icon i{color:var(--e-social-icon-icon-color)}.elementor-social-icon svg{fill:var(--e-social-icon-icon-color)}.elementor-social-icon:last-child{margin:0}.elementor-social-icon:hover{opacity:.9;color:#fff}.elementor-social-icon-android{background-color:#a4c639}.elementor-social-icon-apple{background-color:#999}.elementor-social-icon-behance{background-color:#1769ff}.elementor-social-icon-bitbucket{background-color:#205081}.elementor-social-icon-codepen{background-color:#000}.elementor-social-icon-delicious{background-color:#39f}.elementor-social-icon-deviantart{background-color:#05cc47}.elementor-social-icon-digg{background-color:#005be2}.elementor-social-icon-dribbble{background-color:#ea4c89}.elementor-social-icon-elementor{background-color:#d30c5c}.elementor-social-icon-envelope{background-color:#ea4335}.elementor-social-icon-facebook,.elementor-social-icon-facebook-f{background-color:#3b5998}.elementor-social-icon-flickr{background-color:#0063dc}.elementor-social-icon-foursquare{background-color:#2d5be3}.elementor-social-icon-free-code-camp,.elementor-social-icon-freecodecamp{background-color:#006400}.elementor-social-icon-github{background-color:#333}.elementor-social-icon-gitlab{background-color:#e24329}.elementor-social-icon-globe{background-color:#818a91}.elementor-social-icon-google-plus,.elementor-social-icon-google-plus-g{background-color:#dd4b39}.elementor-social-icon-houzz{background-color:#7ac142}.elementor-social-icon-instagram{background-color:#262626}.elementor-social-icon-jsfiddle{background-color:#487aa2}.elementor-social-icon-link{background-color:#818a91}.elementor-social-icon-linkedin,.elementor-social-icon-linkedin-in{background-color:#0077b5}.elementor-social-icon-medium{background-color:#00ab6b}.elementor-social-icon-meetup{background-color:#ec1c40}.elementor-social-icon-mixcloud{background-color:#273a4b}.elementor-social-icon-odnoklassniki{background-color:#f4731c}.elementor-social-icon-pinterest{background-color:#bd081c}.elementor-social-icon-product-hunt{background-color:#da552f}.elementor-social-icon-reddit{background-color:#ff4500}.elementor-social-icon-rss{background-color:#f26522}.elementor-social-icon-shopping-cart{background-color:#4caf50}.elementor-social-icon-skype{background-color:#00aff0}.elementor-social-icon-slideshare{background-color:#0077b5}.elementor-social-icon-snapchat{background-color:#fffc00}.elementor-social-icon-soundcloud{background-color:#f80}.elementor-social-icon-spotify{background-color:#2ebd59}.elementor-social-icon-stack-overflow{background-color:#fe7a15}.elementor-social-icon-steam{background-color:#00adee}.elementor-social-icon-stumbleupon{background-color:#eb4924}.elementor-social-icon-telegram{background-color:#2ca5e0}.elementor-social-icon-thumb-tack{background-color:#1aa1d8}.elementor-social-icon-tripadvisor{background-color:#589442}.elementor-social-icon-tumblr{background-color:#35465c}.elementor-social-icon-twitch{background-color:#6441a5}.elementor-social-icon-twitter{background-color:#1da1f2}.elementor-social-icon-viber{background-color:#665cac}.elementor-social-icon-vimeo{background-color:#1ab7ea}.elementor-social-icon-vk{background-color:#45668e}.elementor-social-icon-weibo{background-color:#dd2430}.elementor-social-icon-weixin{background-color:#31a918}.elementor-social-icon-whatsapp{background-color:#25d366}.elementor-social-icon-wordpress{background-color:#21759b}.elementor-social-icon-xing{background-color:#026466}.elementor-social-icon-yelp{background-color:#af0606}.elementor-social-icon-youtube{background-color:#cd201f}.elementor-social-icon-500px{background-color:#0099e5}.elementor-shape-rounded .elementor-icon.elementor-social-icon{border-radius:10%}.elementor-shape-circle .elementor-icon.elementor-social-icon{border-radius:50%}<\/style>\n<p>\t\t\t\t\t<a href=\"#\"><br \/>\nFacebook<br \/>\n<\/a><br \/>\n<a href=\"#\"><br \/>\nInstagram<br \/>\n<\/a><\/p>\n<h2>\u00a1Ellos necesitan tu ayuda!<\/h2>\n<p>Puedes hacer parte de nuestra comunidad haciendo tu aporte con recursos f\u00edsicos, econ\u00f3micos o intelectuales.<\/p>\n<h3>\u00abDad y se os dar\u00e1; una medida buena, apretada, remecida, rebosante pondr\u00e1n en el halda de vuestros vestidos. Porque con la medida con que mid\u00e1is se os medir\u00e1.\u00bb<\/h3>\n<h5>Lucas 6, 38<\/h5>\n<p><img decoding=\"async\" width=\"150\" height=\"150\" src=\"https:\/\/sumarmassonrisas.org\/wp-content\/uploads\/2022\/07\/dar-150x150.jpg\" alt=\"\" loading=\"lazy\"><\/p>\n","protected":false},"excerpt":{"rendered":"<p>Quienes Somos Somos una entidad sin \u00e1nimo de lucro fundada en Valledupar-Cesar con el fin de beneficiar y mejorar la calidad de vida de las comunidades en estado de pobreza extrema; como son la poblaci\u00f3n rural, comunidades \u00e9tnicas, ni\u00f1os adolescentes y j\u00f3venes; mediante el uso de medios educativos, cient\u00edficos, tecnol\u00f3gicos, recreativos, entre otros. SUMAR M\u00c1S &hellip;<\/p>\n<p class=\"read-more\"> <a class=\"\" href=\"https:\/\/sumarmassonrisas.org\/\"> <span class=\"screen-reader-text\">Inicio<\/span> Leer m\u00e1s &raquo;<\/a><\/p>\n","protected":false},"author":1,"featured_media":0,"parent":0,"menu_order":0,"comment_status":"closed","ping_status":"closed","template":"","meta":{"site-sidebar-layout":"no-sidebar","site-content-layout":"page-builder","ast-global-header-display":"","ast-main-header-display":"","ast-hfb-above-header-display":"","ast-hfb-below-header-display":"","ast-hfb-mobile-header-display":"","site-post-title":"disabled","ast-breadcrumbs-content":"","ast-featured-img":"disabled","footer-sml-layout":"","theme-transparent-header-meta":"enabled","adv-header-id-meta":"","stick-header-meta":"","header-above-stick-meta":"","header-main-stick-meta":"","header-below-stick-meta":""},"_links":{"self":[{"href":"https:\/\/sumarmassonrisas.org\/index.php\/wp-json\/wp\/v2\/pages\/1582"}],"collection":[{"href":"https:\/\/sumarmassonrisas.org\/index.php\/wp-json\/wp\/v2\/pages"}],"about":[{"href":"https:\/\/sumarmassonrisas.org\/index.php\/wp-json\/wp\/v2\/types\/page"}],"author":[{"embeddable":true,"href":"https:\/\/sumarmassonrisas.org\/index.php\/wp-json\/wp\/v2\/users\/1"}],"replies":[{"embeddable":true,"href":"https:\/\/sumarmassonrisas.org\/index.php\/wp-json\/wp\/v2\/comments?post=1582"}],"version-history":[{"count":74,"href":"https:\/\/sumarmassonrisas.org\/index.php\/wp-json\/wp\/v2\/pages\/1582\/revisions"}],"predecessor-version":[{"id":2337,"href":"https:\/\/sumarmassonrisas.org\/index.php\/wp-json\/wp\/v2\/pages\/1582\/revisions\/2337"}],"wp:attachment":[{"href":"https:\/\/sumarmassonrisas.org\/index.php\/wp-json\/wp\/v2\/media?parent=1582"}],"curies":[{"name":"wp","href":"https:\/\/api.w.org\/{rel}","templated":true}]}}